= g*c. Let l be (-24)/108 - 112/c. Calculate the greatest common factor of l and 2.
2
Let r be (-4)/(-6) - 400/6. Let v = -54 - r. Let m be ((-40)/25)/((-4)/330). What is the greatest common factor of m and v?
12
Let c = -7 - -46. Suppose 3*f - 5*f - 5*p - 761 = 0, 5*f + 2*p + 1892 = 0. Let y = 51 - f. Calculate the highest common divisor of c and y.
39
Suppose -14*w - 4*w = 2*w - 140. What is the highest common divisor of w and 2128?
7
Let i(m) = 61 + 59 - m**2 - 5*m - 109. Suppose 3*g + 7 = -2*l, -4*g - 1 = 3*l + 7. Let q be i(g). What is the greatest common divisor of q and 88?
11
Let s be 1 + 109 - (-693 + 707). What is the highest common divisor of s and 3540?
12
Let r = -471 - -486. Let d = -3 - -7. Suppose -d*f + f + 180 = 0. Calculate the greatest common factor of f and r.
15
Suppose 5*g = 3*h - 13*h + 3185, -5*h + g = -1575. What is the greatest common divisor of 7742 and h?
158
Suppose 50 + 720 = 5*v. Let p(o) = o**3 - 2*o**2 - 5*o - 5. Let z be p(6). Let w = v - z. Calculate the greatest common factor of 9 and w.
9
Let x(h) = 88*h - 814. Let k be x(13). What is the greatest common divisor of 150 and k?
30
Let n(l) = 14*l**2 + 112*l - 40. Let i be n(-10). Calculate the greatest common factor of i and 400.
80
Suppose 0 = 175*o - 84*o - 1183. Calculate the greatest common divisor of o and 19058.
13
Let h(x) = 8*x - 4. Let n be h(3). Let a = 1096 + -618. Suppose 6*k - a - 602 = 0. Calculate the greatest common factor of n and k.
20
Let q(u) = 21*u - 107. Let s be q(7). Suppose -20*t - s*t = -2160. What is the greatest common divisor of t and 189?
9
Let h be 11 + (-4 - 2) - -10. Let z be (12/(-10))/((-6)/h). What is the highest common divisor of 7 and z?
1
Let d be (8 - 772)/(4/(-20)). Suppose d = 13*w - 2147. Calculate the greatest common divisor of w and 51.
51
Let x(s) = s**3 + 13*s**2 + 16*s - 7. Suppose 2 = a + 9. Let w be x(a). What is the highest common factor of 100 and w?
25
Let t = -192 + 197. Suppose -4*a - t*z = -124, a - 5*z = 37 - 31. Calculate the highest common factor of 117 and a.
13
Let y(i) be the first derivative of 27*i**2/2 - 87*i - 37. Let f be y(6). Calculate the greatest common divisor of f and 25.
25
Let b = 60 + -18. Let c = -1052 - -1724. Calculate the greatest common factor of c and b.
42
Let r = -1137 - -2713. What is the highest common divisor of 2167 and r?
197
Let o = 13 + -13. Suppose -6*x - 310 + 4198 = o. Suppose 19*t - 23*t + x = 0. What is the greatest common factor of 18 and t?
18
Let l(r) = 2. Let k(s) = 3*s + 82. Let v(c) = k(c) + 5*l(c). Let n be v(-29). Suppose -n*y + z + 480 = -z, -z = 0. What is the highest common factor of 8 and y?
8
Let l(y) = -y**3 + 4*y**2 + y - 1. Let s be l(4). Let i = -80 + 71. Let q be (2 + (-33)/i)*s. What is the highest common factor of 17 and q?
17
Suppose -4*g = -8*g + w + 208, 2*w + 8 = 0. Let i = -1818 - -1835. What is the greatest common factor of i and g?
17
Suppose z - 4 = 3*w + 43, -2*w - z = 28. Let x be 5/(w/(-108)) + 30/(-10). What is the highest common divisor of 11 and x?
11
Suppose -12*f + 10*f - 12*f = -2744. What is the highest common divisor of f and 441?
49
Let s = 394 - 391. Suppose -29 = -s*q - 5. Calculate the highest common divisor of 1 and q.
1
Let r = 2714 + -2712. What is the greatest common factor of 326 and r?
2
Let n = 153 - 162. Let y be (-8 - 820)*3/n. Calculate the greatest common divisor of 12 and y.
12
Let f(h) be the second derivative of h**3/3 - 3*h**2 - 22*h - 1. Let s be f(18). Calculate the greatest common factor of s and 1020.
30
Suppose -4*c - 8 = -2*l, 94*c + 16 = 10*l + 98*c. Suppose 0*s - 3*s + 11 = 2*r, 4 = 4*r. Calculate the highest common divisor of s and l.
1
Let n be 3 - -1 - 8 - -15. Let r be -2 + 35 + (1 - 4 - -3). Calculate the highest common divisor of r and n.
11
Let t(x) = -x**3 + 22*x**2 - 34*x - 104. Let g be t(20). Let l be -1 - (-7)/6 - 767/(-6). Calculate the greatest common factor of g and l.
16
Let o = 832 - 823. Suppose 1 = -3*n + 13. Suppose n*j - j = o. Calculate the greatest common divisor of 39 and j.
3
Suppose -37 = -4*j - 5. Suppose -7*s - 7 = -189. Let d be 65/s*(6 - -2). What is the highest common factor of j and d?
4
Let d = 541 - 306. Suppose -5*x - d + 2405 = 0. Let s = -269 + x. What is the greatest common divisor of 15 and s?
15
Let m(x) = 33*x**2 + 2*x + 10. Let t be m(4). Calculate the highest common divisor of t and 126.
42
Let o(j) be the third derivative of j**5/30 - 3*j**4/4 + 15*j**3 - j**2 + 97*j. Let c be o(10). What is the greatest common divisor of 66 and c?
22
Let p = 10517 + -10429. Calculate the highest common factor of p and 517.
11
Suppose 7*y - 850 = 5*y + 4*u, -4*y = 2*u - 1780. What is the highest common factor of 4032 and y?
63
Let z be (-28)/12 + 1 + (-3)/18*-1106. Calculate the highest common factor of 9516 and z.
183
Suppose -2*i + 32 = -5*w, 0 = 289*w - 284*w + 10. Let y(m) = -m**2 + 8*m + 38. Let x be y(11). Calculate the highest common divisor of i and x.
1
Suppose 142571 = 313*d - 12364. Calculate the highest common divisor of 2915 and d.
55
Let t(d) = 4*d**2 - 5*d - 264. Let f be t(-8). What is the highest common divisor of f and 6304?
32
Suppose 5*b - 4*s + 0 + 2 = 0, 4*b + 5*s = 23. Let i be (-93440)/(-25) + b/5. Let l be 2/12 + i/36. What is the highest common factor of 78 and l?
26
Suppose -4*g - 5836 = -7*g - 4*h, -5*g = -h - 9719. Calculate the greatest common factor of 24 and g.
24
Suppose 0 = 5*i - 2*y - 19377, -4*i + 1820 = y - 13679. Calculate the greatest common factor of 75 and i.
25
Let c = -380 - -411. Suppose 0 = -5*p + 210 - 55. What is the greatest common factor of p and c?
31
Suppose -31*t + 25*t + 2484 = 0. Let u = t - 278. Calculate the greatest common factor of u and 4.
4
Suppose -4*n - 2*t = -326, 2*n - 4*t + 178 = 4*n. Let x = 109 - n. Calculate the highest common divisor of 45 and x.
15
Let s(n) = -2*n + 1. Let u = 108 + -112. Let x(y) = -4*y + 3. Let o(k) = u*x(k) + 7*s(k). Let c be o(5). What is the highest common divisor of 125 and c?
5
Let c be (-2)/((-10)/35) + 2 + 21. Calculate the highest common divisor of c and 2130.
30
Let s(g) = -g**3 - 11*g**2 + 39*g - 27. Let v be s(-14). Suppose -v*n = -107 + 62. Calculate the highest common factor of 129 and n.
3
Suppose -5*x - 302 = -r, 28*r = 30*r + x - 637. Suppose -4*y = -3*f - r, -3*y + 2*f - 425 = -8*y. Calculate the highest common factor of 747 and y.
83
Suppose 3*q = m + 211 - 72, 5*q - 5*m - 225 = 0. Let j = q - 45. Suppose -5*v = 4*a - 8*a - 29, j*v = 2*a + 12. What is the highest common divisor of 10 and v?
5
Let m be (9*154/21)/(2/(-30)). Let u = m + 1011. What is the greatest common divisor of 280 and u?
7
Suppose 3*y - y - 6 = -s, s = y + 3. What is the highest common factor of 956 and s?
4
Suppose 2*p - 7 = -b, b + 2*b = -4*p + 13. Let s(v) = -64*v**3 - 2*v**2 - v. Let q be s(b). Calculate the greatest common divisor of q and 28.
7
Suppose 3*g = -4*g - 196. Let c = -3 - g. Suppose -5*m + 5 = -c. Calculate the highest common divisor of m and 6.
6
Suppose -19 = -4*w - 3*y, -w - 18*y + 2 = -20*y. Suppose -120 - 32 = -w*m. What is the highest common factor of m and 1?
1
Let w(t) = -276 + 276 - 10*t - 2*t**3 - 19*t**2. Let i be w(-9). Let a = 157 - 94. What is the greatest common factor of a and i?
9
Suppose -3*c = 21 - 144. Let s(j) = 353*j - 683*j - 27 - 76 + 374*j. Let z be s(7). What is the greatest common factor of z and c?
41
Let h(q) = q**2 + 14*q + 61. Let a be h(-5). Let x(o) = 57*o**2 - 12*o + 11. Let d be x(1). What is the highest common factor of a and d?
8
Suppose -a + 1057 = 89*j - 88*j, -2*j + 5*a + 2107 = 0. Calculate the highest common divisor of 66 and j.
66
Let q(j) = -j**3 - 13*j**2 - 78*j - 228. Let p be q(-10). What is the greatest common factor of 48 and p?
12
Let z = -43126 - -43142. Let k(m) = 8*m**2 + m - 4. Let w be k(4). What is the highest common factor of z and w?
16
Suppose 0 = 2*w - 2*v - 314, 2*w - v = 4*v + 323. Let p = -533 - -547. Calculate the highest common factor of p and w.
14
Let x(u) = -u**3 + 51*u**2 + 34*u - 1629. Let r be x(51). Suppose -15 = -6*o + 5*o. Calculate the highest common divisor of r and o.
15
Let r = -7552 + 7870. What is the highest common divisor of r and 6?
6
Let b(z) = -2*z**3 + 23*z**2 + 11*z + 94. Let k be b(-18). Wha